19).
-5
What is -2 + (23 - 39) - -17?
-1
Calculate -6 + 11 + 36 + -32.
9
-1 + -5 + (52 + -47 - (-3 + 12))
-10
What is the value of -3 - (0 + (3 - -4) + -2)?
-8
(-17 - 20 - -33) + 0 + -1 + -4
-9
Evaluate (-7 + -3 - -10) + (-2 - 0) + 3.
1
What is the value of 0 + 5 + 2 + -6 + (31 - 17)?
15
What is the value of (-5 - ((-34 - -3) + 8 - 3)) + -4?
17
Evaluate 0 + 6 - (137 + -130 - (-12 + 1)).
-12
Evaluate 2 + (-6 - (0 + -11)) - (1 + 0).
6
What is -1 + -6 + 4 - -6?
3
What is the value of 2 - 18 - (-34 + 16 - -18)?
-16
Calculate -3 - (-14 + 1 - 2).
12
Calculate (1 - 10 - (-40 + 19 - -13)) + -12.
-13
What is the value of (9 - (4 - 4)) + (-6 - -8)?
11
(2 - 1) + 0 + 7 + (37 - 34)
11
What is the value of -7 + 1 - (5 - (-6 - -6) - 0)?
-11
What is the value of 10 - (-2 + 8) - 3 - -2?
3
Evaluate (-15 - -7) + (-4 + 2 - 5) - 4.
-19
Evaluate 27 - (-30 - -28 - -24).
5
Calculate -16 - (-1 - (61 + -6)).
40
Calculate -1 + -6 - (-6 - 1) - 6.
-6
What is the value of 1 + (2 - (3 + (-2 - -8))) - -30?
24
What is -12 - (10 - (10 - -9) - -11)?
-14
What is 5 - 0 - (42 + -51 - 1)?
15
What is 18 + (0 + -26 - (-75 - -56))?
11
21 - (21 + -12) - (-8 + 7)
13
Evaluate -1 - (0 + 20) - ((61 - -1) + -60).
-23
Calculate 6 - (-6 - -11) - (19 + -16).
-2
What is (-3 - (-16 - (5 - -2))) + -6?
14
4 + (45 + -47 - (0 - 10))
12
85 + -76 + 0 + -5 + 12
16
What is 16 - (1 + -11 + (-22 - -34))?
14
Evaluate 0 - ((-5 - (-4 - 2)) + -4) - 0.
3
What is 1 + 2 + 10 + (-18 - (-15 + 19))?
-9
Calculate -7 + 2 + 1 - (70 + -143 - -58).
11
Calculate 539 + -534 + (-3 - 1).
1
What is 45 - 51 - ((2 - 1) + (-3 - -9))?
-13
What is 3 + -24 + (-2 - -32)?
9
Calculate -13 + (26 + -17 - -5).
1
What is the value of -12 + (-10 - (-9 + 12 - 7))?
-18
What is the value of 0 + (2 - 6) + -11 + -5?
-20
Evaluate 4 + 1 + -4 + -1 + 5.
5
Calculate 91 + -105 + (21 - 1) + -23.
-17
(6 - 3 - -3) + (2 - 21)
-13
2 + 0 - (-8 + -1 + (12 - 7))
6
Evaluate 0 + 20 - (-11 - -4 - (72 + -82)).
17
What is the value of (17 - (-15 + 13 + 60)) + 18?
-23
Calculate (-2 - -10) + 1 - (0 + (16 - -7)).
-14
What is -8 - 0 - ((-92 - -58) + 7 + 4)?
15
Calculate (-1 + 3 + 17 - 6) + (0 - 0).
13
What is the value of -10 + (-2 + -7 - -21 - 7)?
-5
What is the value of (1 - -5) + (-30 - (-19 - (14 - 20)))?
-11
-5 - (1 + -19 + 10 + (2 - 27))
28
What is -200 + 195 + ((3 - -1) + -8 - 23)?
-32
Evaluate 8 + (-9 - (-1 - 6) - 2).
4
What is the value of 74 - 41 - (1 - (-1 + -5) - -4)?
22
Calculate (25 - 13) + 1 + -23.
-10
What is -7 + (50 - 12) + -12 - (5 + 0)?
14
24 + (-14 - (-15 - -11))
14
Calculate 11 + 1 + -10 - 5.
-3
What is (21 - 15 - 3) + -4 + 7?
6
What is -141 + 142 + -2 + (-2 - -1 - -3)?
1
(-1 + -1 - -3) + (59 + -6 - 60)
-6
What is the value of -14 - (-6 - ((3 - -5) + -9))?
-9
-9 + 1 + 36 + -2 - 11
15
Calculate -21 + (-3 - (-33 + 28)).
-19
Evaluate 5 - (-13 - -24 - -2).
-8
Calculate -2 + -3 + 5 + -1 + 4 + 2.
5
What is the value of 2 + 0 + (47 - 44) - 8?
-3
What is the value of (-1 - 7 - 6) + -4 - -6?
-12
What is the value of -1 + 2 - 0 - (-317 + 313)?
5
Calculate -4 + -2 - (3 - 19).
10
Evaluate (2 - -1) + (-20 - 11) + (-49 - -52).
-25
0 + 1 - (98 - 95) - 6
-8
-13 + 8 + 20 + (-5 - -6)
16
(3 - 11) + (40 - 26)
6
What is 1784 + -1769 - (0 + -24)?
39
Calculate 4 - ((67 - 31) + -1).
-31
Calculate -14 + 5 - -17 - 19.
-11
Evaluate -99 + 111 + 0 + -9.
3
Calculate 4 + (-22 - -22 - 9).
-5
What is 11 + (-4 - 11) + 8?
4
-9 - 2 - (0 - (-12 + 22))
-1
What is -9 + (13 - -5) + -20?
-11
Evaluate 0 - (-1 + -1 - -6 - (-3 - -8)).
1
Calculate 1 + -11 + 26 + -52 + 7.
-29
6 + (23 - (23 - -12))
-6
What is the value of 20 - (-14 + (-7 - -30))?
11
What is the value of (31 - (5 + -1)) + (71 - 82)?
16
What is the value of (-4 - -2 - -2) + 12 + -10?
2
-19 + 19 + 7 - (-10 - 1)
18
Evaluate (12 - (6 - 6 - -4) - -7) + 4.
19
Evaluate -2 + (10 + -6 - -20).
22
25 + (-14 - 2) + 9 - 0
18
Evaluate (9 - -1) + (-57 - -51).
4
Evaluate -12 - (-7 + 1 + -2 + 20 + -20).
-4
What is the value of -136 - -140 - (4 + 5)?
-5
Evaluate 0 + -53 + 1222 + -1201.
-32
Evaluate 5 - (0 - -10 - (13 - (8 - -2))).
-2
What is the value of 1 + 3 + 123 + -129?
-2
What is the value of 5 + -3 + -7 - (6 - (3 + 8))?
0
What is the value of -2 + (1 - 2) + (7 - 12 - -9)?
1
Calculate -5 + (-9 - (-16 + 18)).
-16
Calculate 15 - 17 - (0 - (9 + -9)).
-2
(-5 - -7) + (3 - 5) + (-12 - 1)
-13
-20 - (-1 + (9 - 3) + -6 - 6)
-13
Evaluate 32 + -39 - (-4 + 20).
-23
-13 - (8 + -2 + -3 + -9)
-7
(-11 - 3) + 22 + -15 + (-3 - 5)
-15
-1 + 8 - (3 + -8 + 11 - 0)
1
What is (207 - 210) + -30 + 1 + 7?
-25
5 + (-1 - -13 - (19 - 12))
10
What is -6 - -56 - 25 - 19?
6
Evaluate -1 + (-4 - 8 - -4) + 6 + 22.
19
What is (-374 - -372) + (7 - -1 - -1)?
7
Evaluate -8 - (32 + -35 - (-1 - 8)).
-14
(-1 - -2 - (30 + -21 + -17)) + -13
-4
Evaluate 4 + -15 + 16 - 14.
-9
What is the value of -15 - ((-18 - (14 - 52)) + 2)?
-37
What is the value of (10 - 2 - 7) + 0 + 6?
7
What is 0 + 1 + 1 + -7 + (22 - 7)?
10
Calculate (-6 - -6) + -4 - (-7 - (-9 + 1)).
-5
What is -4 + 9 + -20 + (-17 - -34) + 23?
25
Calculate (3 - -74 - 69) + -26 + 0.
-18
Evaluate -15 + 38 + -14 + 3.
12
Evaluate 32 + (-24 - -14) + 4.
26
Evaluate 11 + (3 - 24) + 19.
9
-2 - (-2 + 1) - 0 - 12
-13
-30 - (-87 + 58 - (1 - 16))
-16
What is the value of -16 - 18 - (-72 - -4)?
34
Evaluate -7 + 0 + (-5 + 11 - 4) + 20.
15
Calculate (1 - (-4 + 1)) + 17 + -9 + -8.
4
What is the value of (-11 - (-5 - 2)) + 5 + -2 + 4?
3
What is (2 - -4) + 14 + -22 + 13?
11
(-6 - 42) + (23 - -1)
-24
What is (4 - (-22 - -6)) + -24?
-4
Evaluate -15 - (12 - 18) - -11.
2
Evaluate 2 - 11 - (-3 - (0 + -2)) - 5.
-13
What is the value of 3 + 11 + 5 + (26 - 23)?
22
What is the value of 4 + (-22 - (-5 - 0) - -4)?
-9
Calculate -5 + -6 - (-14 - (13 + -12)).
4
What is -3 - (2 + -10 - 13)?
18
(11 + -17 - -11) + -15 + 17 + 10
17
(0 - -18) + -8 - (67 + -83)
26
Evaluate -21 + 25 + (-5 + 7 - 8).
-2
What is 17 + -23 + 1 + -25 + 2 + 9?
-19
Evaluate 0 + 15 + 10 + -13 + -3.
9
What is the value of -7 - (0 + 24 - 41)?
10
Evaluate -22 + (6 - 27 - -47).
4
Evaluate 3 + (-5 + -14 - -15) + (8 - -1).
8
What is 5 + (-5 - -2) + 3 - (20 - 10)?
-5
What is the value of (3 - -4) + -17 - (-20 - 6)?
16
Calculate 10 + 3 - (3 - -17).
-7
-9 + (-17 - (15 - 39))
-2
Evaluate -3 + -1 - (2 - (14 - 7)).
1
What is the value of (1 - -12 - 24) + -5 + (-5 - -8)?
-13
What is the value of 5 + -26 + 11 + (12 - -3)?
5
What is the value of (1 - -9) + -18 + 9 - 11?
-10
What is the value of (2 + 2 + -12 - -6) + (2 - -12)?
12
Calculate -141 - -136 - (-28 - 3).
26
(-35 + 25 - 9) + 3
-16
What is -2 - (1 + -4) - (-27 + -19 - -37)?
10
-6 + -29 + 9 + 16
-10
2 - (-1 + (-8 - -7) + 8)
-4
What is the value of (5 - (2 + -7)) + -1 + (5 - 1)?
13
Evaluate (10 - -1) + (-32 - (43 - 72)).
8
What is -2 + ((2 - 1) + -10 - 22 - -5)?
-28
Calculate 8 - 1 - 2 - (11 + -115 - -101).
8
Calculate -15 + (43 - 8) + -19.
1
11 + (-40 - -19) - (-42 + 0) - 7
25
What is 10 - 18 - (9 - 5 - 13)?
1
(-33 - (-16 - 3)) + 17
3
5 - (-3 - 0) - (-41 - -38)
11
Evaluate 1 - 8 - (14 + -25).
4
(-5 - 14 - 3) + 40
18
What is (-543 - -531) + 13 + -1?
0
What is the value of (7 + 1 - 0) + -6?
2
What is the value of (28 - (-15 - 7)) + -24?
26
What is (-9 - 4) + -2 - -20?
5
Evaluate (-1 - -1) + 119 + -111.
8
(318 - 271 - (1 - -8)) + -15
23
Evaluate -1 - -1 - 1 - (-148 + 81 + 72).
-6
What is (1 + -2 - 1) + 2 - (45 - 46)?
1
What is the value of (-35 - -46) + -2 + -1 + -15?
-7
Calculate -22 - (5 + -15 + -16).
4
What is -11 + (-67 - -37) - (-10 + 1)?
-32
28 - 31 - (-7 + 0)
4
Calculate -13 - ((-16 - -5 - -4) + 0).
-6
What is the value of -11 + 6 - (-31 - -19)?
7
Evaluate -14 - (-6 - 1 - 9).
2
What is -1 + -6 + 4 - (-11 + 17)?
-9
What is the value of -122 + 69 + -13 + 39?
-27
What is the value of (-16 + 2 + 0 - -3) + -154 + 153?
-12
6 - (-7 - -12 - 6 - (-16 + -7))
-16
Calculate (25 - 21) + (3 - (-29 + 4)) + -6.
26
What is the value of -53 + 62 - (-4 + 1) - 4?
8
What is (-4 - 9 - 16) + 20?
-9
87 + -73 - (-3 + -1)
18
What is -3 + 6 - ((-3 - -8) + -20 + 18)?
0
What is the value of -26 - -39 - (-4 - (-1 + 11))?
27
Calculate (0 - -4) + -18 + -17.
-31
-9 - (-7 - 28) - 26
0
What is the value of (7 - (-10 + 8)) + 4 + -30?
-17
What is 2 - (-2 + -4 - (-1 + -23))?
-16
What is the value of (-25 - (15 - 18) - -19) + (30 - 0)?
27
56 + -53 - (6 - (4 + -3 + 0))
-2
-13 + 12 